{"id":15533,"date":"2025-04-19T14:39:51","date_gmt":"2025-04-19T12:39:51","guid":{"rendered":"http:\/\/localhost\/ecotubeurs\/?page_id=15533"},"modified":"2025-07-30T15:51:48","modified_gmt":"2025-07-30T13:51:48","slug":"presentation","status":"publish","type":"page","link":"https:\/\/ecotubeurs.com\/index.php\/presentation\/","title":{"rendered":"Pr\u00e9sentation"},"content":{"rendered":"<div id=\"cmsmasters_row_1kqeluk2r6\" class=\"cmsmasters_row cmsmasters_color_scheme_default cmsmasters_row_top_default cmsmasters_row_bot_default cmsmasters_row_fullwidth\">\n<div class=\"cmsmasters_row_outer_parent\">\n<div class=\"cmsmasters_row_outer\">\n<div class=\"cmsmasters_row_inner cmsmasters_row_fullwidth\">\n<div class=\"cmsmasters_row_margin\">\n<div id=\"cmsmasters_column_\" class=\"cmsmasters_column one_first\">\n<div class=\"cmsmasters_column_inner\">\n<div class=\"cmsmasters_slider\">\n\t\t\t\t<p class=\"rs-p-wp-fix\"><\/p>\n\t\t\t\t<sr7-module data-alias=\"slider-1\" data-id=\"5\" id=\"SR7_5_1\" class=\"rs-ov-hidden\" data-version=\"6.7.28\">\n\t\t\t\t\t<sr7-adjuster><\/sr7-adjuster>\n\t\t\t\t\t<sr7-content>\n\t\t\t\t\t\t<sr7-slide id=\"SR7_5_1-15\" data-key=\"15\">\n\t\t\t\t\t\t\t<sr7-bg id=\"SR7_5_1-15-1\" class=\"sr7-layer\"><noscript><img decoding=\"async\" src=\"https:\/\/ecotubeurs.com\/wp-content\/uploads\/2025\/07\/ECOTUBEUR_HEADER_PRES.png\" alt=\"\" title=\"ECOTUBEUR_HEADER_PRES\"><\/noscript><\/sr7-bg>\n\t\t\t\t\t\t\t<sr7-txt id=\"SR7_5_1-15-0\" class=\"sr7-layer\">Pr\u00e9sentation<\/sr7-txt>\n\t\t\t\t\t\t<\/sr7-slide>\n\t\t\t\t\t\t<sr7-slide id=\"SR7_5_1-16\" data-key=\"16\">\n\t\t\t\t\t\t<\/sr7-slide>\n\t\t\t\t\t<\/sr7-content>\n\t\t\t\t\t<image_lists style=\"display:none\">\n\t\t\t\t\t\t<img data-src=\"\/\/ecotubeurs.com\/wp-content\/uploads\/2025\/07\/ECOTUBEUR_HEADER_PRES.png\" data-libid=\"15741\" data-lib=\"medialibrary\" title=\"ECOTUBEUR_HEADER_PRES\" width=\"0\" height=\"0\" data-dbsrc=\"Ly9lY290dWJldXJzLmNvbS93cC1jb250ZW50L3VwbG9hZHMvMjAyNS8wNy9FQ09UVUJFVVJfSEVBREVSX1BSRVMucG5n\"\/>\n\t\t\t\t\t<\/image_lists>\n\t\t\t\t<\/sr7-module>\n\t\t\t\t<script>\n\t\t\t\t\tSR7.PMH ??={}; SR7.PMH[\"SR7_5_1\"] = {cn:100,state:false,fn: function() { if (_tpt!==undefined && _tpt.prepareModuleHeight !== undefined) {  _tpt.prepareModuleHeight({id:\"SR7_5_1\",el:[500,500,768,960,720],type:'standard',shdw:'0',gh:[500,500,413,314,194],gw:[1240,1240,1024,778,480],vpt:['-100px'],size:{fullWidth:true, fullHeight:false},mh:'0',onh:0,onw:0,bg:{color:'{\"orig\":\"transparent\",\"type\":\"solid\",\"string\":\"transparent\"}'}});   SR7.PMH[\"SR7_5_1\"].state=true;} else if(SR7.PMH[\"SR7_5_1\"].cn-->0)\tsetTimeout( SR7.PMH[\"SR7_5_1\"].fn,19);}};SR7.PMH[\"SR7_5_1\" ].fn();\n\t\t\t\t<\/script>\n<\/div>\n<\/div><\/div>\n<\/div>\n<\/div>\n<\/div>\n<\/div>\n<\/div>\n<div id=\"cmsmasters_row_4mvmjhoet\" class=\"cmsmasters_row cmsmasters_color_scheme_default cmsmasters_row_top_default cmsmasters_row_bot_default cmsmasters_row_fullwidth\">\n<div class=\"cmsmasters_row_outer_parent\">\n<div class=\"cmsmasters_row_outer\">\n<div class=\"cmsmasters_row_inner cmsmasters_row_fullwidth cmsmasters_row_no_margin\">\n<div class=\"cmsmasters_row_margin cmsmasters_row_columns_behavior\">\n<div id=\"cmsmasters_column_sclh9r6jib\" class=\"cmsmasters_column two_third\">\n<div class=\"cmsmasters_column_inner\"><div id=\"cmsmasters_heading_ec8yzskana\" class=\"cmsmasters_heading_wrap cmsmasters_heading_align_left\">\n\t<h2 class=\"cmsmasters_heading cmsmasters-icon-custom-grows\">Une aventure<\/h2>\n<\/div><div id=\"cmsmasters_heading_f414ychhqm\" class=\"cmsmasters_heading_wrap cmsmasters_heading_align_left\">\n\t<h2 class=\"cmsmasters_heading\">\u00e9co-citoyenne<\/h2>\n<\/div><div id=\"cmsmasters_heading_bfmrwkk60d\" class=\"cmsmasters_heading_wrap cmsmasters_heading_align_left\">\n\t<h5 class=\"cmsmasters_heading\">Initi\u00e9 et parrain\u00e9 par l&rsquo;acteur, r\u00e9alisateur G\u00e9rard Jugnot, le prix jeunesse baptis\u00e9 \u00ab Ecotubeurs \u00bb a pour objectif de permettre \u00e0 des jeunes d&rsquo;\u00e9coles primaires, coll\u00e8ges et lyc\u00e9es, de tous milieux scolaires, de r\u00e9aliser des films sur le climat et l&rsquo;\u00e9cologie.<\/h5>\n<\/div><div id=\"cmsmasters_heading_mili7txac6\" class=\"cmsmasters_heading_wrap cmsmasters_heading_align_left\">\n\t<h4 class=\"cmsmasters_heading\">Avec la complicit\u00e9 du Pass Culture, Les \u00c9cotubeurs sont encadr\u00e9s avec des intervenants ext\u00e9rieurs professionnels de l&rsquo;audiovisuel et proposent sous forme d&rsquo; atelier aux \u00e9l\u00e8ves de primaire, coll\u00e8ge, lyc\u00e9e de toutes les acad\u00e9mies de r\u00e9aliser des films courts, des oeuvres sur le th\u00e8me de l&rsquo;\u00e9cologie, du climat et de la pr\u00e9servation de la biodiversit\u00e9. Les cr\u00e9ations (1 \u00e0 5 min.) peuvent \u00eatre r\u00e9alis\u00e9es sous diff\u00e9rents formats : fiction, reportage, clip, expo, animation. L\u2019ensemble des productions r\u00e9alis\u00e9 par les \u00e9l\u00e8ves constitue la pr\u00e9-s\u00e9lection pour participer aux Prix \u00c9cotubeurs. <\/h4>\n<\/div>\n<\/div><\/div>\n<div id=\"cmsmasters_column_1dxj3j9sh7\" class=\"cmsmasters_column one_third\">\n<div class=\"cmsmasters_column_inner\"><div id=\"cmsmasters_heading_7n3ie8r1df\" class=\"cmsmasters_heading_wrap cmsmasters_heading_align_left\">\n\t<h2 class=\"cmsmasters_heading\">Les Prix Ecotubeurs<\/h2>\n<\/div><div id=\"cmsmasters_heading_nejhzphw8\" class=\"cmsmasters_heading_wrap cmsmasters_heading_align_left\">\n\t<h4 class=\"cmsmasters_heading\">Grand Prix Lyc\u00e9e<\/h4>\n<\/div><div id=\"cmsmasters_heading_0wksvgeg98\" class=\"cmsmasters_heading_wrap cmsmasters_heading_align_left\">\n\t<h4 class=\"cmsmasters_heading\">Grand Prix Coll\u00e8ge<\/h4>\n<\/div><div id=\"cmsmasters_heading_hh9ed4owcq\" class=\"cmsmasters_heading_wrap cmsmasters_heading_align_left\">\n\t<h4 class=\"cmsmasters_heading\">Grand Prix Primaire<\/h4>\n<\/div><div id=\"cmsmasters_heading_erexyhs2za\" class=\"cmsmasters_heading_wrap cmsmasters_heading_align_left\">\n\t<h4 class=\"cmsmasters_heading\">Prix Agricole<\/h4>\n<\/div><div id=\"cmsmasters_heading_u3ofmtxc1\" class=\"cmsmasters_heading_wrap cmsmasters_heading_align_left\">\n\t<h4 class=\"cmsmasters_heading\">Prix Europ\u00e9en<\/h4>\n<\/div><div id=\"cmsmasters_heading_ji3t5kv4ns\" class=\"cmsmasters_heading_wrap cmsmasters_heading_align_left\">\n\t<h4 class=\"cmsmasters_heading\">Prix International<\/h4>\n<\/div><div id=\"cmsmasters_heading_ghkdi4und8\" class=\"cmsmasters_heading_wrap cmsmasters_heading_align_left\">\n\t<h4 class=\"cmsmasters_heading\">Prix Musique<\/h4>\n<\/div><div id=\"cmsmasters_heading_sr6zjkhlwp\" class=\"cmsmasters_heading_wrap cmsmasters_heading_align_left\">\n\t<h4 class=\"cmsmasters_heading\">Prix Reportage <\/h4>\n<\/div><div id=\"cmsmasters_heading_hu6kr044x\" class=\"cmsmasters_heading_wrap cmsmasters_heading_align_left\">\n\t<h4 class=\"cmsmasters_heading\">Prix du Jury<\/h4>\n<\/div>\n<\/div><\/div>\n<\/div>\n<\/div>\n<\/div>\n<\/div>\n<\/div>\n<div id=\"cmsmasters_row_2zx4j230mg\" class=\"cmsmasters_row cmsmasters_color_scheme_default cmsmasters_row_top_default cmsmasters_row_bot_default cmsmasters_row_fullwidth\">\n<div class=\"cmsmasters_row_outer_parent\">\n<div class=\"cmsmasters_row_outer\">\n<div class=\"cmsmasters_row_inner cmsmasters_row_fullwidth\">\n<div class=\"cmsmasters_row_margin\">\n<div id=\"cmsmasters_column_lhp36a4wd8\" class=\"cmsmasters_column one_fourth\">\n<div class=\"cmsmasters_column_inner\"><div id=\"cmsmasters_icon_i2lyuvqi38\" class=\"cmsmasters_icon_wrap\"><span class=\"cmsmasters_simple_icon cmsmasters-icon-doc-text\"><\/span><span class=\"cmsmasters_simple_icon_title\"><\/span><\/div>\n<div id=\"cmsmasters_heading_u3pxmyq7vn\" class=\"cmsmasters_heading_wrap cmsmasters_heading_align_left\">\n\t<h2 class=\"cmsmasters_heading\">Inscription<\/h2>\n<\/div><div id=\"cmsmasters_heading_rek35wbj1n\" class=\"cmsmasters_heading_wrap cmsmasters_heading_align_left\">\n\t<h4 class=\"cmsmasters_heading\">L&rsquo;inscription \u00e0 un atelier \u00c9cotubeurs pour les \u00e9tablissements scolaires se fait exclusivement via l\u2019offre Pass Culture d\u00e9di\u00e9e.<\/h4>\n<\/div><div id=\"cmsmasters_button_81wxz9b498\" class=\"button_wrap\"><a href=\"https:\/\/ecotubeurs.com\/index.php\/inscription\" class=\"cmsmasters_button\" target=\"_blank\"><span>En savoir plus<\/span><\/a><\/div>\n<\/div><\/div>\n<div id=\"cmsmasters_column_zlikq2jda\" class=\"cmsmasters_column one_fourth\">\n<div class=\"cmsmasters_column_inner\"><div id=\"cmsmasters_icon_wra9uvx57h\" class=\"cmsmasters_icon_wrap\"><span class=\"cmsmasters_simple_icon cmsmasters-icon-pen-1\"><\/span><span class=\"cmsmasters_simple_icon_title\"><\/span><\/div>\n<div id=\"cmsmasters_heading_29ikgjst2f\" class=\"cmsmasters_heading_wrap cmsmasters_heading_align_left\">\n\t<h2 class=\"cmsmasters_heading\">1\u00e8re <\/h2>\n<\/div><div id=\"cmsmasters_heading_g1y7b7m6xj\" class=\"cmsmasters_heading_wrap cmsmasters_heading_align_left\">\n\t<h2 class=\"cmsmasters_heading\">session<\/h2>\n<\/div><div id=\"cmsmasters_heading_vf2eqdheub\" class=\"cmsmasters_heading_wrap cmsmasters_heading_align_left\">\n\t<h4 class=\"cmsmasters_heading\">Consacr\u00e9e \u00e0 l\u2019\u00e9criture et la finalisation du projet<\/h4>\n<\/div><div id=\"cmsmasters_heading_qeh5s41wx\" class=\"cmsmasters_heading_wrap cmsmasters_heading_align_left\">\n\t<h6 class=\"cmsmasters_heading\">Dur\u00e9e : 2h<\/h6>\n<\/div>\n<\/div><\/div>\n<div id=\"cmsmasters_column_gfcrpekgru\" class=\"cmsmasters_column one_fourth\">\n<div class=\"cmsmasters_column_inner\"><div id=\"cmsmasters_icon_ykmsspl9dc\" class=\"cmsmasters_icon_wrap\"><span class=\"cmsmasters_simple_icon cmsmasters-icon-custom-video-camera\"><\/span><span class=\"cmsmasters_simple_icon_title\"><\/span><\/div>\n<div id=\"cmsmasters_heading_pyxfvhz9fo\" class=\"cmsmasters_heading_wrap cmsmasters_heading_align_left\">\n\t<h2 class=\"cmsmasters_heading\">2e<\/h2>\n<\/div><div id=\"cmsmasters_heading_2ad7v2uoip\" class=\"cmsmasters_heading_wrap cmsmasters_heading_align_left\">\n\t<h2 class=\"cmsmasters_heading\">session<\/h2>\n<\/div><div id=\"cmsmasters_heading_ypai2l6v2t\" class=\"cmsmasters_heading_wrap cmsmasters_heading_align_left\">\n\t<h4 class=\"cmsmasters_heading\">Consacr\u00e9e au tournage du court m\u00e9trage, cr\u00e9ation du projet<\/h4>\n<\/div><div id=\"cmsmasters_heading_3fcgkrw568\" class=\"cmsmasters_heading_wrap cmsmasters_heading_align_left\">\n\t<h6 class=\"cmsmasters_heading\">Dur\u00e9e : 3h<\/h6>\n<\/div>\n<\/div><\/div>\n<div id=\"cmsmasters_column_wjdwgqe93r\" class=\"cmsmasters_column one_fourth\">\n<div class=\"cmsmasters_column_inner\"><div id=\"cmsmasters_icon_1h1g5evquq\" class=\"cmsmasters_icon_wrap\"><span class=\"cmsmasters_simple_icon cmsmasters-icon-video\"><\/span><span class=\"cmsmasters_simple_icon_title\"><\/span><\/div>\n<div id=\"cmsmasters_heading_vduxp9g91m\" class=\"cmsmasters_heading_wrap cmsmasters_heading_align_left\">\n\t<h2 class=\"cmsmasters_heading\">3e<\/h2>\n<\/div><div id=\"cmsmasters_heading_6d5v9cywqs\" class=\"cmsmasters_heading_wrap cmsmasters_heading_align_left\">\n\t<h2 class=\"cmsmasters_heading\">session<\/h2>\n<\/div><div id=\"cmsmasters_heading_nemd191ows\" class=\"cmsmasters_heading_wrap cmsmasters_heading_align_left\">\n\t<h4 class=\"cmsmasters_heading\">Consacr\u00e9e au montage, assemblage du projet<\/h4>\n<\/div><div id=\"cmsmasters_heading_l96xs9qvsp\" class=\"cmsmasters_heading_wrap cmsmasters_heading_align_left\">\n\t<h6 class=\"cmsmasters_heading\">Dur\u00e9e : 2h<\/h6>\n<\/div>\n<\/div><\/div>\n<\/div>\n<\/div>\n<\/div>\n<\/div>\n<\/div>\n<div id=\"cmsmasters_row_4kw7if3km\" class=\"cmsmasters_row cmsmasters_color_scheme_default cmsmasters_row_top_default cmsmasters_row_bot_default cmsmasters_row_fullwidth\">\n<div class=\"cmsmasters_row_outer_parent\">\n<div class=\"cmsmasters_row_overlay\"><\/div>\n<div class=\"cmsmasters_row_outer\">\n<div class=\"cmsmasters_row_inner cmsmasters_row_fullwidth\">\n<div class=\"cmsmasters_row_margin\">\n<div id=\"cmsmasters_column_39ntsp5cs\" class=\"cmsmasters_column one_first\">\n<div class=\"cmsmasters_column_inner\"><div id=\"cmsmasters_heading_uc4feqof0x\" class=\"cmsmasters_heading_wrap cmsmasters_heading_align_center\">\n\t<h2 class=\"cmsmasters_heading\">Prix Jeunesse \u00c9cotubeurs :<\/h2>\n<\/div><div id=\"cmsmasters_heading_qpf66vvqz\" class=\"cmsmasters_heading_wrap cmsmasters_heading_align_center\">\n\t<h2 class=\"cmsmasters_heading\">un rayonnement international<\/h2>\n<\/div><div id=\"cmsmasters_heading_dpuq8cf3f\" class=\"cmsmasters_heading_wrap cmsmasters_heading_align_center\">\n\t<h3 class=\"cmsmasters_heading\">Les classes participantes sont invit\u00e9es dans un lieu partenaire de l\u2019acad\u00e9mie \u00e0 la pr\u00e9sentation des \u0153uvres, films, projets r\u00e9alis\u00e9s par les \u00e9l\u00e8ves de chaque \u00e9tablissement, qui constituent la pr\u00e9-s\u00e9lection. La s\u00e9lection finale nationale couvre les niveaux scolaires pour chaque acad\u00e9mie. <\/h3>\n<\/div><div id=\"cmsmasters_heading_qee64sxd4h\" class=\"cmsmasters_heading_wrap cmsmasters_heading_align_center\">\n\t<h3 class=\"cmsmasters_heading\">Les Prix sont remis dans le cadre du Festival de Cannes 2025 et le palmar\u00e8s et les cr\u00e9ations diffus\u00e9es pendant le Festival de Porquerolles 2025. Plus d&rsquo;une centaine d&rsquo;\u00e9tablissements r\u00e9partis sur l&rsquo;ensemble du territoire a particip\u00e9 aux Ecotubeurs en 2024. <\/h3>\n<\/div><div id=\"cmsmasters_fb_nsqh3d3j5o\" class=\"cmsmasters_featured_block cmsmasters_more_button\">\n<div class=\"featured_block_inner\">\n<div class=\"featured_block_text\">\n<p style=\"text-align: center;\"><div id=\"cmsmasters_button_nsqh3d3j5o\" class=\"button_wrap\"><a href=\"#\" class=\"cmsmasters_button\"><span>Consulter l&rsquo;organisation des ateliers<\/span><\/a><\/div>\n\n<\/div>\n<\/div>\n<\/div>\n<\/div><\/div>\n<\/div>\n<\/div>\n<\/div>\n<\/div>\n<\/div>\n\n","protected":false},"excerpt":{"rendered":"","protected":false},"author":1,"featured_media":0,"parent":0,"menu_order":0,"comment_status":"closed","ping_status":"closed","template":"","meta":{"footnotes":""},"class_list":["post-15533","page","type-page","status-publish","hentry"],"_links":{"self":[{"href":"https:\/\/ecotubeurs.com\/index.php\/wp-json\/wp\/v2\/pages\/15533","targetHints":{"allow":["GET"]}}],"collection":[{"href":"https:\/\/ecotubeurs.com\/index.php\/wp-json\/wp\/v2\/pages"}],"about":[{"href":"https:\/\/ecotubeurs.com\/index.php\/wp-json\/wp\/v2\/types\/page"}],"author":[{"embeddable":true,"href":"https:\/\/ecotubeurs.com\/index.php\/wp-json\/wp\/v2\/users\/1"}],"replies":[{"embeddable":true,"href":"https:\/\/ecotubeurs.com\/index.php\/wp-json\/wp\/v2\/comments?post=15533"}],"version-history":[{"count":23,"href":"https:\/\/ecotubeurs.com\/index.php\/wp-json\/wp\/v2\/pages\/15533\/revisions"}],"predecessor-version":[{"id":15740,"href":"https:\/\/ecotubeurs.com\/index.php\/wp-json\/wp\/v2\/pages\/15533\/revisions\/15740"}],"wp:attachment":[{"href":"https:\/\/ecotubeurs.com\/index.php\/wp-json\/wp\/v2\/media?parent=15533"}],"curies":[{"name":"wp","href":"https:\/\/api.w.org\/{rel}","templated":true}]}}