{"id":15545,"date":"2025-04-19T14:53:23","date_gmt":"2025-04-19T12:53:23","guid":{"rendered":"http:\/\/localhost\/ecotubeurs\/?page_id=15545"},"modified":"2025-11-25T12:08:24","modified_gmt":"2025-11-25T11:08:24","slug":"phasing","status":"publish","type":"page","link":"https:\/\/ecotubeurs.com\/index.php\/phasing\/","title":{"rendered":"Calendrier 2025"},"content":{"rendered":"<div id=\"cmsmasters_row_yt3wv473l6\" class=\"cmsmasters_row cmsmasters_color_scheme_default cmsmasters_row_top_default cmsmasters_row_bot_default cmsmasters_row_boxed\">\n<div class=\"cmsmasters_row_outer_parent\">\n<div class=\"cmsmasters_row_outer\">\n<div class=\"cmsmasters_row_inner\">\n<div class=\"cmsmasters_row_margin\">\n<div id=\"cmsmasters_column_31hlwb4mi9\" class=\"cmsmasters_column one_first\">\n<div class=\"cmsmasters_column_inner\">\n<div class=\"cmsmasters_slider\">\n\t\t\t\t<p class=\"rs-p-wp-fix\"><\/p>\n\t\t\t\t<sr7-module data-alias=\"Calendrier-2025\" data-id=\"9\" id=\"SR7_9_1\" class=\"rs-ov-hidden\" data-version=\"6.7.28\">\n\t\t\t\t\t<sr7-adjuster><\/sr7-adjuster>\n\t\t\t\t\t<sr7-content>\n\t\t\t\t\t\t<sr7-slide id=\"SR7_9_1-23\" data-key=\"23\">\n\t\t\t\t\t\t\t<sr7-bg id=\"SR7_9_1-23-1\" class=\"sr7-layer\"><noscript><img decoding=\"async\" src=\"https:\/\/ecotubeurs.com\/wp-content\/uploads\/2025\/07\/ECOTUBEUR_HEADER_CALENDRIER.png\" alt=\"\" title=\"ECOTUBEUR_HEADER_CALENDRIER\"><\/noscript><\/sr7-bg>\n\t\t\t\t\t\t\t<sr7-txt id=\"SR7_9_1-23-0\" class=\"sr7-layer\">Calendrier 2025<\/sr7-txt>\n\t\t\t\t\t\t<\/sr7-slide>\n\t\t\t\t\t\t<sr7-slide id=\"SR7_9_1-24\" data-key=\"24\">\n\t\t\t\t\t\t<\/sr7-slide>\n\t\t\t\t\t<\/sr7-content>\n\t\t\t\t\t<image_lists style=\"display:none\">\n\t\t\t\t\t\t<img data-src=\"\/\/ecotubeurs.com\/wp-content\/uploads\/2025\/07\/ECOTUBEUR_HEADER_CALENDRIER.png\" data-libid=\"15743\" data-lib=\"medialibrary\" title=\"ECOTUBEUR_HEADER_CALENDRIER\" width=\"0\" height=\"0\" data-dbsrc=\"Ly9lY290dWJldXJzLmNvbS93cC1jb250ZW50L3VwbG9hZHMvMjAyNS8wNy9FQ09UVUJFVVJfSEVBREVSX0NBTEVORFJJRVIucG5n\"\/>\n\t\t\t\t\t<\/image_lists>\n\t\t\t\t<\/sr7-module>\n\t\t\t\t<script>\n\t\t\t\t\tSR7.PMH ??={}; SR7.PMH[\"SR7_9_1\"] = {cn:100,state:false,fn: function() { if (_tpt!==undefined && _tpt.prepareModuleHeight !== undefined) {  _tpt.prepareModuleHeight({id:\"SR7_9_1\",el:[500,500,768,960,720],type:'standard',shdw:'0',gh:[500,500,413,314,194],gw:[1240,1240,1024,778,480],vpt:['-100px'],size:{fullWidth:true, fullHeight:false},mh:'0',onh:0,onw:0,bg:{color:'{\"orig\":\"transparent\",\"type\":\"solid\",\"string\":\"transparent\"}'}});   SR7.PMH[\"SR7_9_1\"].state=true;} else if(SR7.PMH[\"SR7_9_1\"].cn-->0)\tsetTimeout( SR7.PMH[\"SR7_9_1\"].fn,19);}};SR7.PMH[\"SR7_9_1\" ].fn();\n\t\t\t\t<\/script>\n<\/div>\n<\/div><\/div>\n<\/div>\n<\/div>\n<\/div>\n<\/div>\n<\/div>\n<div id=\"cmsmasters_row_ozz1h6zyw\" class=\"cmsmasters_row cmsmasters_color_scheme_default cmsmasters_row_top_default cmsmasters_row_bot_default cmsmasters_row_boxed\">\n<div class=\"cmsmasters_row_outer_parent\">\n<div class=\"cmsmasters_row_outer\">\n<div class=\"cmsmasters_row_inner\">\n<div class=\"cmsmasters_row_margin\">\n<div id=\"cmsmasters_column_fqy2r0tz98\" class=\"cmsmasters_column one_first\">\n<div class=\"cmsmasters_column_inner\"><div id=\"cmsmasters_heading_fzuljonix\" class=\"cmsmasters_heading_wrap cmsmasters_heading_align_center\">\n\t<h3 class=\"cmsmasters_heading\">Septembre &#8211; D\u00e9cembre 2025 : Inscriptions <\/h3>\n<\/div><div id=\"cmsmasters_heading_vkzt836iuv\" class=\"cmsmasters_heading_wrap cmsmasters_heading_align_center\">\n\t<h3 class=\"cmsmasters_heading\">Octobre \u2192 Mars 2026 : Ateliers en classe<\/h3>\n<\/div><div id=\"cmsmasters_heading_8riiokbcxp\" class=\"cmsmasters_heading_wrap cmsmasters_heading_align_center\">\n\t<h3 class=\"cmsmasters_heading\"> Fin Avril 2026 : Remise des films et Pr\u00e9s\u00e9lections r\u00e9gionales<\/h3>\n<\/div><div id=\"cmsmasters_heading_20u8fnvs9g\" class=\"cmsmasters_heading_wrap cmsmasters_heading_align_center\">\n\t<h3 class=\"cmsmasters_heading\">Mi mai 2026 : C\u00e9r\u00e9monie remise de Prix &#8211; Festival de Cannes <\/h3>\n<\/div><div id=\"cmsmasters_heading_sq5r7hegqo\" class=\"cmsmasters_heading_wrap cmsmasters_heading_align_center\">\n\t<h3 class=\"cmsmasters_heading\">Octobre &#8211; Novembre 2026 : Projection dans les cin\u00e9mas partenaires<\/h3>\n<\/div>\n<\/div><\/div>\n<\/div>\n<\/div>\n<\/div>\n<\/div>\n<\/div>\n\n","protected":false},"excerpt":{"rendered":"","protected":false},"author":1,"featured_media":0,"parent":0,"menu_order":0,"comment_status":"closed","ping_status":"closed","template":"","meta":{"footnotes":""},"class_list":["post-15545","page","type-page","status-publish","hentry"],"_links":{"self":[{"href":"https:\/\/ecotubeurs.com\/index.php\/wp-json\/wp\/v2\/pages\/15545","targetHints":{"allow":["GET"]}}],"collection":[{"href":"https:\/\/ecotubeurs.com\/index.php\/wp-json\/wp\/v2\/pages"}],"about":[{"href":"https:\/\/ecotubeurs.com\/index.php\/wp-json\/wp\/v2\/types\/page"}],"author":[{"embeddable":true,"href":"https:\/\/ecotubeurs.com\/index.php\/wp-json\/wp\/v2\/users\/1"}],"replies":[{"embeddable":true,"href":"https:\/\/ecotubeurs.com\/index.php\/wp-json\/wp\/v2\/comments?post=15545"}],"version-history":[{"count":7,"href":"https:\/\/ecotubeurs.com\/index.php\/wp-json\/wp\/v2\/pages\/15545\/revisions"}],"predecessor-version":[{"id":15889,"href":"https:\/\/ecotubeurs.com\/index.php\/wp-json\/wp\/v2\/pages\/15545\/revisions\/15889"}],"wp:attachment":[{"href":"https:\/\/ecotubeurs.com\/index.php\/wp-json\/wp\/v2\/media?parent=15545"}],"curies":[{"name":"wp","href":"https:\/\/api.w.org\/{rel}","templated":true}]}}